032310
In base 11, what is 4664 + 396?
4a4a
In base 15, what is -6a5 + 16b2?
100c
In base 6, what is -1 - -22313555?
22313554
In base 15, what is 3bc0d005 - 2?
3bc0d003
In base 4, what is 210221322 - 10203?
210211113
In base 13, what is 1a7 - -320b?
33b5
In base 6, what is 103403242 - -3?
103403245
In base 3, what is -101200121012 - 10210?
-101200201222
In base 3, what is 1202002000001212 + 2?
1202002000001221
In base 7, what is -31 - -2204422?
2204361
In base 7, what is -5552526 - -23?
-5552503
In base 7, what is -11166463 + 52?
-11166411
In base 4, what is -33203333303 - -2?
-33203333301
In base 11, what is -301245 - 2?
-301247
In base 7, what is 3364 - -43546?
50243
In base 15, what is 116d520 + -7?
116d518
In base 3, what is -2 + -2020222012221101?
-2020222012221110
In base 8, what is 122762 - 253?
122507
In base 12, what is -6 - 74a74b84?
-74a74b8a
In base 3, what is 1202101022111102 + 12?
1202101022111121
In base 11, what is 1063370 - -5aa?
106396a
In base 14, what is 389cd4 - -3?
389cd7
In base 13, what is -596 + -17a3?
-2069
In base 6, what is -24 - -5134122?
5134054
In base 14, what is 2d92 + -8d?
2d03
In base 8, what is 23314 - -17574?
43110
In base 16, what is -50 + ff09?
feb9
In base 11, what is 23 - -1499907?
149992a
In base 3, what is -101001221002221 - -10222?
-101001220221222
In base 13, what is -1ac88c + -10?
-1ac89c
In base 9, what is 1081346 + 8?
1081355
In base 11, what is 414 - -1061a?
10a33
In base 2, what is -1001100101010110000 + 111?
-1001100101010101001
In base 15, what is -2a197 - -33?
-2a164
In base 16, what is -1a0f3c5 - a?
-1a0f3cf
In base 9, what is 0 - -26200433?
26200433
In base 7, what is 134625 - -31440?
166365
In base 14, what is -dd60c9 + 7?
-dd60c2
In base 7, what is 3032210 - -633?
3033143
In base 13, what is -1246 - -15975?
1472c
In base 8, what is 241151175 + 1?
241151176
In base 15, what is 15c29481 + 5?
15c29486
In base 15, what is 178d206 - -8?
178d20e
In base 7, what is 3032552 + -12?
3032540
In base 8, what is -22721707 + 13?
-22721674
In base 7, what is 31 + -2355561?
-2355530
In base 3, what is 10110200 + 12120011021?
12200121221
In base 2, what is -11101100110101100 - -1010001001?
-11101011100100011
In base 9, what is 110634 + -100?
110534
In base 12, what is -15184 + -82?
-15246
In base 11, what is -927044 - -10?
-927034
In base 6, what is -23451 - -122531?
55040
In base 13, what is cca3a - -39b?
100108
In base 3, what is -10221202212112222 + -111?
-10221202212120110
In base 8, what is -4 + -1260434?
-1260440
In base 8, what is 4 - -10352535?
10352541
In base 13, what is 24 - 84680?
-84659
In base 11, what is -2 + -79a4218?
-79a421a
In base 14, what is -1414bc8c + -1?
-1414bc8d
In base 8, what is -2 + 6633203?
6633201
In base 11, what is 0 + -505865a8?
-505865a8
In base 3, what is -21010021 + -11211?
-21022002
In base 5, what is 10341240032 + -1?
10341240031
In base 4, what is 211130003223 + -3?
211130003220
In base 14, what is 4 - 3a38c02?
-3a38bdc
In base 6, what is 10445 + 135422?
150311
In base 7, what is -3 - -3134325?
3134322
In base 12, what is 61a07 - -558?
62363
In base 7, what is -162 - 53100353?
-53100545
In base 2, what is 110 + 110010111110110000001100?
110010111110110000010010
In base 10, what is -3984788 - -1?
-3984787
In base 3, what is 2212 + -112201022211120?
-112201022201201
In base 7, what is 16335625 - 23?
16335602
In base 14, what is -1 - -3428db5?
3428db4
In base 10, what is 115 + -640080?
-639965
In base 3, what is 1100022001120 - -1?
1100022001121
In base 11, what is 9409061 + -1?
9409060
In base 10, what is 3859393 - 18?
3859375
In base 15, what is a + 5b4a1e?
5b4a29
In base 11, what is 78103330 - -1?
78103331
In base 2, what is 1011000010 - -1101000010?
11000000100
In base 4, what is 22202032002 - 132?
22202031210
In base 16, what is -352ad1 + -28?
-352af9
In base 3, what is -11120 - 220202202020?
-220202220210
In base 13, what is 0 + 5bbb91?
5bbb91
In base 16, what is -64 + -a029?
-a08d
In base 16, what is 5d + 3a9ebe?
3a9f1b
In base 9, what is -1481 + -5587?
-7178
In base 13, what is 4 + -10bb591?
-10bb58a
In base 11, what is a7085 + -169?
a6a17
In base 6, what is -2244 - 322412?
-325100
In base 8, what is -14123302 - -1?
-14123301
In base 16, what is 9 + 5601f7?
560200
In base 13, what is -3c76136 + 5?
-3c76131
In base 10, what is -1324435 + 6?
-1324429
In base 11, what is 70401 + -24a?
70162
In base 13, what is 12 - -1276775?
1276787
In base 4, what is -101312122 + 322?
-101311200
In base 2, what is 10110 - -111000010010100010110?
111000010010100101100
In base 7, what is -31525 - -41403?
6545
In base 16, what is -11b3d2 - b?
-11b3dd
In base 12, what is -561 + 4813?
4272
In base 7, what is 434342 - -542?
435214
In base 10, what is 4 + -5867408?
-5867404
In base 14, what is a1 + -26c1d?
-26b5c
In base 5, what is 3231230213 - -1?
3231230214
In base 7, what is 1 + -1203043655?
-1203043654
In base 5, what is 2013 + -3130210?
-3123142
In base 9, what is -2 + -5026735?
-5026737
In base 14, what is 1d035d + -2a?
1d0333
In base 4, what is -23223213133222 - -2?
-23223213133220
In base 4, what is -212322 - -223002?
10020
In base 16, what is 2624cb - 1?
2624ca
In base 12, what is 3 + 21171aa?
21171b1
In base 5, what is 10 - -1001141231222?
1001141231232
In base 16, what is -24791 - 63?
-247f4
In base 10, what is 44 - -14602273?
14602317
In base 7, what is -6416 - 1004655?
-1014404
In base 6, what is -5 - -2425331410?
2425331401
In base 5, what is -1243042303 - 1?
-1243042304
In base 16, what is -7690bc - 1?
-7690bd
In base 7, what is 0 - -10366134?
10366134
In base 2, what is -10011100010100100110 + -100001?
-10011100010101000111
In base 15, what is 1c55b4a + 0?
1c55b4a
In base 6, what is 3031344 + 30241?
3102025
In base 5, what is -2212414232 + -34?
-2212414321
In base 5, what is -102401 + 14224?
-33122
In base 5, what is -33141213 + -21?
-33141234
In base 9, what is 26 - -18167528?
18167555
In base 8, what is 523606 + 271?
524077
In base 11, what is -472a4a8 - 7?
-472a504
In base 8, what is -4 - 3440265?
-3440271
In base 3, what is -202 + -20122101210121?
-20122101211100
In base 9, what is 31425 - -2620?
34145
In base 9, what is -21384431 - 3?
-21384434
In base 16, what is -5 - -134057c?
1340577
In base 6, what is 10010032231 - 0?
10010032231
In base 11, what is -147 - 573a?
-5886
In base 10, what is -4 + -930548?
-930552
In base 2, what is -10101011101110 + -1100100101110?
-100010000011100
In base 2, what is 10010011100011000000011 - -101001?
10010011100011000101100
In base 6, what is 34054 + -1012?
33042
In base 7, what is 2255 + 52223?
54511
In base 14, what is -3260 - 2352?
-55b2
In base 14, what is -4088 + 8d0?
-3598
In base 6, what is 214 - -2533123?
2533341
In base 4, what is 103 - 12310013320?
-12310013211
In base 4, what is 0 - 3312232331020?
-3312232331020
In base 14, what is 40a97 - -72?
40b29
In base 15, what is -13 - -31a0a?
319e7
In base 11, what is 1299125a0 - -1?
1299125a1
In base 3, what is -110111100100 - 112?
-110111100212
In base 8, what is -2562 + -14145?
-16727
In base 7, what is -3143433 - -46?
-3143354
In base 6, what is 10350 + -10112?
234
In base 5, what is 202 - -30401220?
30401422
In base 13, what is 170 + 414aa1?
414c41
In base 4, what is -2220203 + -3023?
-2223232
In base 11, what is 15 + 192aa87?
192aaa1
In base 7, what is -5436313362 + 4?
-5436313355
In base 11, what is 1 + -3480158?
-3480157
In base 9, what is -624710480 - -4?
-624710475
In base 12, what is -2781120 + -4?
-2781124
In base 12, what is 11452 + 15a49?
2729b
In base 4, what is -1 - 1030031323121?
-1030031323122
In base 16, what is -18b - f4c9?
-f654
In base 9, what is -43787 - -1356?
-42431
In base 15, what is -94a - ace1?
-b73b
In base 16, what is -b + -461?
-46c
In base 6, what is 141120120 - 3?
141120113
In base 6, what is 521 - 54043121?
-54042200
In base 13, what is -134 + 12112?
11cab
In base 16, what is 7e + 16853?
168d1
In base 11, what is 38a23a - -951?
390090
In base 11, what is 24 + -27272?
-27249
In base 11, what is -4 + -25427534?
-25427538
In base 3, what is -122202 + 10201120102?
10200220200
In base 5, what is 43320044 + 104?
43320203
In base 4, what is 22111123123012 + -3?
22111123123003
In base 15, what is c - -75d94?
75da1
In base 13, what is -bc712 + 1?
-